{"id":41,"date":"2018-07-19T09:48:26","date_gmt":"2018-07-19T13:48:26","guid":{"rendered":"https:\/\/web.uri.edu\/inclusivescicomm\/?page_id=41"},"modified":"2024-09-11T10:41:13","modified_gmt":"2024-09-11T14:41:13","slug":"2019planning-committee","status":"publish","type":"page","link":"https:\/\/web.uri.edu\/inclusivescicomm\/2018-symposium\/2019planning-committee\/","title":{"rendered":"2019 Planning Committee"},"content":{"rendered":"<p><a href=\"https:\/\/web.uri.edu\/woc\/people\/mosley-austin\/\"><img loading=\"lazy\" decoding=\"async\" class=\"alignleft\" src=\"https:\/\/web.uri.edu\/wp-content\/uploads\/sites\/1568\/unnamed.jpg\" alt=\"Alycia Mosley Austin\" width=\"290\" height=\"290\"> <\/a><\/p>\n<h3><a href=\"https:\/\/web.uri.edu\/woc\/people\/mosley-austin\/\" target=\"_blank\" rel=\"noopener\"> Alycia Mosley Austin <\/a><\/h3>\n<p>URI Graduate School and Interdisciplinary Neuroscience Program<\/p>\n<div style=\"clear: left\">&nbsp;<\/div>\n<p><a href=\"https:\/\/www.manigarcia.com\/\"><img loading=\"lazy\" decoding=\"async\" class=\"alignleft\" src=\"https:\/\/web.uri.edu\/inclusivescicomm\/wp-content\/uploads\/sites\/1568\/lauren_esposito_cas-1382.jpg\" alt=\"Mani Garc\u00eda\" width=\"290\" height=\"290\"><\/a><\/p>\n<h3><a href=\"https:\/\/www.calacademy.org\/staff\/ibss\/entomology\/lauren-esposito\/\" target=\"_blank\" rel=\"noopener\">Lauren Esposito<\/a><\/h3>\n<p>Assistant Curator, Schlinger Chair of Arachnology<br \/>\nCalifornia Academy of Sciences<\/p>\n<div style=\"clear: left\">&nbsp;<\/div>\n<p><a href=\"https:\/\/www.manigarcia.com\/\"><img loading=\"lazy\" decoding=\"async\" class=\"alignleft\" src=\"https:\/\/web.uri.edu\/wp-content\/uploads\/sites\/1568\/Mani-683x1024-683x1024.jpg\" alt=\"Mani Garc\u00eda\" width=\"290\" height=\"290\"><\/a><\/p>\n<h3><a href=\"https:\/\/www.manigarcia.com\/\" target=\"_blank\" rel=\"noopener\">Mani Garc\u00eda<\/a><\/h3>\n<p>Doctoral Candidate<br \/>\nCity University of New York, John Jay College of Criminal Justice, Clinical Psychology Program<\/p>\n<div style=\"clear: left\">&nbsp;<\/div>\n<p><a href=\"http:\/\/gatescorallab.com\/shayle-matsuda\" target=\"_blank\" rel=\"noopener\"><img loading=\"lazy\" decoding=\"async\" class=\"alignleft\" src=\"https:\/\/web.uri.edu\/wp-content\/uploads\/sites\/1568\/shayle_matsuda.jpg\" alt=\"Shayle Matsuda\" width=\"290\" height=\"290\"><\/a><\/p>\n<h3><a href=\"http:\/\/gatescorallab.com\/shayle-matsuda\" target=\"_blank\" rel=\"noopener\">Shayle Matsuda<\/a><\/h3>\n<p>University of Hawaii, Hawaii Institute of Marine Biology<\/p>\n<div style=\"clear: left\">&nbsp;<\/div>\n<p><img loading=\"lazy\" decoding=\"async\" class=\"size-medium wp-image-7538 alignleft\" src=\"https:\/\/web.uri.edu\/inclusivescicomm\/wp-content\/uploads\/sites\/1568\/Sunshine-photo-updated-2021-270x300.jpg\" alt=\"\" width=\"270\" height=\"300\" srcset=\"https:\/\/web.uri.edu\/inclusivescicomm\/wp-content\/uploads\/sites\/1568\/Sunshine-photo-updated-2021-270x300.jpg 270w, https:\/\/web.uri.edu\/inclusivescicomm\/wp-content\/uploads\/sites\/1568\/Sunshine-photo-updated-2021-920x1024.jpg 920w, https:\/\/web.uri.edu\/inclusivescicomm\/wp-content\/uploads\/sites\/1568\/Sunshine-photo-updated-2021-768x855.jpg 768w, https:\/\/web.uri.edu\/inclusivescicomm\/wp-content\/uploads\/sites\/1568\/Sunshine-photo-updated-2021-1380x1536.jpg 1380w, https:\/\/web.uri.edu\/inclusivescicomm\/wp-content\/uploads\/sites\/1568\/Sunshine-photo-updated-2021-364x405.jpg 364w, https:\/\/web.uri.edu\/inclusivescicomm\/wp-content\/uploads\/sites\/1568\/Sunshine-photo-updated-2021-500x556.jpg 500w, https:\/\/web.uri.edu\/inclusivescicomm\/wp-content\/uploads\/sites\/1568\/Sunshine-photo-updated-2021-1000x1113.jpg 1000w, https:\/\/web.uri.edu\/inclusivescicomm\/wp-content\/uploads\/sites\/1568\/Sunshine-photo-updated-2021-1280x1424.jpg 1280w, https:\/\/web.uri.edu\/inclusivescicomm\/wp-content\/uploads\/sites\/1568\/Sunshine-photo-updated-2021.jpg 1560w\" sizes=\"auto, (max-width: 270px) 100vw, 270px\" \/><\/p>\n<h3><a href=\"https:\/\/metcalfinstitute.org\/meet\/sunshine-menezes\/\">Sunshine Menezes<\/a><\/h3>\n<p>URI Department of Natural Resources Science<br \/>\nExecutive Director, Metcalf Institute<\/p>\n<div style=\"clear: left\">&nbsp;<\/div>\n<p><a href=\"https:\/\/metcalfinstitute.org\/meet\/katharine-mcduffie\/\" target=\"_blank\" rel=\"noopener\"><img loading=\"lazy\" decoding=\"async\" class=\"alignleft\" src=\"https:\/\/web.uri.edu\/wp-content\/uploads\/sites\/1568\/McDuffie_130-WEB-version.jpg\" alt=\"Katharine McDuffie\" width=\"290\" height=\"290\"><\/a><\/p>\n<h3><a href=\"https:\/\/metcalfinstitute.org\/meet\/katharine-mcduffie\/\" target=\"_blank\" rel=\"noopener\">Katharine McDuffie<\/a><\/h3>\n<p>URI Metcalf Institute<\/p>\n<div style=\"clear: left\">&nbsp;<\/div>\n<p><a href=\"https:\/\/www.monicafeliu.me\/\" target=\"_blank\" rel=\"noopener\"><img loading=\"lazy\" decoding=\"async\" class=\"alignleft\" src=\"https:\/\/web.uri.edu\/wp-content\/uploads\/sites\/1568\/Monica.jpeg\" alt=\"M\u00f3nica Feli\u00fa M\u00f3jer\" width=\"290\" height=\"290\"><\/a><\/p>\n<h3><a href=\"https:\/\/www.monicafeliu.me\/\" target=\"_blank\" rel=\"noopener\">M\u00f3nica Feli\u00fa M\u00f3jer<\/a><\/h3>\n<p>Ciencia Puerto Rico and iBiology<\/p>\n<div style=\"clear: left\">&nbsp;<\/div>\n<p><a href=\"https:\/\/harrington.uri.edu\/meet\/kendall-moore\/\" target=\"_blank\" rel=\"noopener\"><img loading=\"lazy\" decoding=\"async\" class=\"alignleft\" src=\"https:\/\/web.uri.edu\/wp-content\/uploads\/sites\/1568\/Kendall-Moore-web.jpg\" alt=\"Kendall Moore\" width=\"290\" height=\"290\"><\/a><\/p>\n<h3><a href=\"https:\/\/harrington.uri.edu\/meet\/kendall-moore\/\" target=\"_blank\" rel=\"noopener\">Kendall Moore<\/a><\/h3>\n<p>URI Department of Journalism<\/p>\n","protected":false},"excerpt":{"rendered":"<p>Alycia Mosley Austin URI Graduate School and Interdisciplinary Neuroscience Program &nbsp; Lauren Esposito Assistant Curator, Schlinger Chair of Arachnology California Academy of Sciences &nbsp; Mani Garc\u00eda Doctoral Candidate City University of New York, John Jay College of Criminal Justice, Clinical Psychology Program &nbsp; Shayle Matsuda University of Hawaii, Hawaii Institute of Marine Biology &nbsp; Sunshine [&hellip;]<\/p>\n","protected":false},"author":4226,"featured_media":0,"parent":4545,"menu_order":0,"comment_status":"closed","ping_status":"closed","template":"","meta":{"_acf_changed":false,"footnotes":"","_links_to":"","_links_to_target":""},"class_list":["post-41","page","type-page","status-publish","hentry"],"acf":[],"_links":{"self":[{"href":"https:\/\/web.uri.edu\/inclusivescicomm\/wp-json\/wp\/v2\/pages\/41","targetHints":{"allow":["GET"]}}],"collection":[{"href":"https:\/\/web.uri.edu\/inclusivescicomm\/wp-json\/wp\/v2\/pages"}],"about":[{"href":"https:\/\/web.uri.edu\/inclusivescicomm\/wp-json\/wp\/v2\/types\/page"}],"author":[{"embeddable":true,"href":"https:\/\/web.uri.edu\/inclusivescicomm\/wp-json\/wp\/v2\/users\/4226"}],"replies":[{"embeddable":true,"href":"https:\/\/web.uri.edu\/inclusivescicomm\/wp-json\/wp\/v2\/comments?post=41"}],"version-history":[{"count":7,"href":"https:\/\/web.uri.edu\/inclusivescicomm\/wp-json\/wp\/v2\/pages\/41\/revisions"}],"predecessor-version":[{"id":9451,"href":"https:\/\/web.uri.edu\/inclusivescicomm\/wp-json\/wp\/v2\/pages\/41\/revisions\/9451"}],"up":[{"embeddable":true,"href":"https:\/\/web.uri.edu\/inclusivescicomm\/wp-json\/wp\/v2\/pages\/4545"}],"wp:attachment":[{"href":"https:\/\/web.uri.edu\/inclusivescicomm\/wp-json\/wp\/v2\/media?parent=41"}],"curies":[{"name":"wp","href":"https:\/\/api.w.org\/{rel}","templated":true}]}}