{"id":6168,"date":"2023-02-09T09:48:08","date_gmt":"2023-02-09T14:48:08","guid":{"rendered":"https:\/\/web.uri.edu\/pharmce\/?page_id=6168"},"modified":"2024-11-19T08:57:57","modified_gmt":"2024-11-19T13:57:57","slug":"hcbs","status":"publish","type":"page","link":"https:\/\/web.uri.edu\/pharmce\/hcbs\/","title":{"rendered":"Home and Community-Based Services Training Programs"},"content":{"rendered":"<section class=\"cl-wrapper cl-tabs-wrapper\"><div class=\"cl-tabs  \"><section class=\"cl-tab \"><h1>Home<\/h1><\/p>\n<p><section class=\"cl-wrapper cl-boxout-wrapper\"><div class=\"cl-boxout  \"><h1>Our Work<\/h1><p><strong>The University of Rhode Island<\/strong> partners with healthcare organizations and biotechnology companies to develop targeted trainings based on the educational needs of the healthcare workforce.  From Mental Health First Aid Certificate Training at primary care practices to Quality Improvement Training at RI&#8217;s Accountable Care Organizations, we have the resources to support a wide variety of training needs. We support the healthcare workforce transformations efforts of the Rhode Island Executive Office of Health and Human Services (EOHHS) with the RI Department of Labor and Training through a Real Jobs RI Partnership, and hold the Transforming Health In Rhode Island.<br \/>\n<\/p><\/div><\/section><\/section><section class=\"cl-tab \"><h1>About<\/h1><\/p>\n<p><strong>Home and Community-Based Services (HCBS) Training Programs<\/strong>&nbsp;<\/p>\n<p>Educational activities targeted for HCBS sites are offered both <strong>virtually<\/strong> and <strong>in-person<\/strong>. Online activities <span style=\"font-family: Charter, Georgia, serif;font-size: 20px;font-style: normal;font-weight: 400\">are designed to <\/span><span style=\"font-family: Charter, Georgia, serif;font-size: 20px\">allow learners to complete a training at their own pace.&nbsp;<\/span><\/p>\n<p><\/section><section class=\"cl-tab \"><h1>Trainings<\/h1><\/p>\n<div class=\"cl-tiles halves\">\n<div><div class=\"cl-wrapper cl-card-wrapper\"><a class=\"cl-card   left\" href=\"https:\/\/rise.articulate.com\/share\/CejlWTMzYM4d6A1R0WBTgMakkU0VV6Sm#\/\" title=\"\"><div class=\"cl-card-container media\"><img decoding=\"async\" src=\"https:\/\/web.uri.edu\/pharmce\/wp-content\/uploads\/sites\/1382\/heroin.png\" srcset=\"\" alt=\"heroin\"><\/div><div class=\"cl-card-container text\"><div class=\"cl-card-text\"><h2>HCBS Overdose Response Training<\/h2><p>Become a Community First Responder! The HCBS workforce has direct access to patients and others in their homes or community settings which increases the likelihood of exposure to a person experiencing an overdose. This program will increase  knowledge about the opioid epidemic, the ability to respond appropriately in an overdose situation, and provide training about how to administer naloxone. This one hour-long training is targeted towards paraprofessionals in the HCBS sector.  <\/p><\/div><\/div><div class=\"cl-card-container button\">Explore<\/div><\/a><\/div><\/div>\n<div><div class=\"cl-wrapper cl-card-wrapper\"><a class=\"cl-card   left\" href=\"https:\/\/urldefense.proofpoint.com\/v2\/url?u=https-3A__rise.articulate.com_share_XjPB3E2Jg667JKkJExdxoMVIVnrFiN4W&amp;d=DwMFaQ&amp;c=dWz0sRZOjEnYSN4E4J0dug&amp;r=-C9-DM773ktRlOH4R_rSw92g8RK9u8YkwxDeYM6-ufU&amp;m=P-2ncC-IrX4rdFK9CJmXe8iUCTqWgNXZm9TogBsv7ufGZxc35XfY-vtdXFxr-qwh&amp;s=17AdGmR3khliHLF6ELFZClRB4325jkFi1X7hTCj1z78&amp;e=\" title=\"\"><div class=\"cl-card-container media\"><img decoding=\"async\" src=\"https:\/\/web.uri.edu\/pharmce\/wp-content\/uploads\/sites\/1382\/heroin.png\" srcset=\"\" alt=\"heroin\"><\/div><div class=\"cl-card-container text\"><div class=\"cl-card-text\"><h2>Programa Comunitario de Primeros Auxilios: HCBS Respuesta a Sobredosis (Espa\u00f1ol) <\/h2><p>Dado que la fuerza laboral de HCBS tiene acceso directo a los pacientes y otras personas en sus hogares o entornos comunitarios, este programa aumentar\u00e1 su conocimiento sobre la epidemia de opioides, su capacidad para responder adecuadamente en una situaci\u00f3n de sobredosis y brindar\u00e1 capacitaci\u00f3n sobre c\u00f3mo administrar naloxona. Los m\u00f3dulos existentes se complementar\u00e1n con una capacitaci\u00f3n de una hora recientemente desarrollada dirigida a paraprofesionales en el sector HCBS. <\/p><\/div><\/div><div class=\"cl-card-container button\">Explore<\/div><\/a><\/div><\/div>\n<\/div>\n<div class=\"cl-tiles halves\">\n<div><div class=\"cl-wrapper cl-card-wrapper\"><a class=\"cl-card   left\" href=\"https:\/\/web.uri.edu\/ahc\/health-institute\/building-a-culture-of-health\/\" title=\"\"><div class=\"cl-card-container media\"><img decoding=\"async\" src=\"https:\/\/web.uri.edu\/pharmce\/wp-content\/uploads\/sites\/1382\/SDOH-Image.png\" srcset=\"\" alt=\"SDOH Image\"><\/div><div class=\"cl-card-container text\"><div class=\"cl-card-text\"><h2>Social Determinants of Health<\/h2><p>The health of an individual or a community is about much more than fighting disease or infection. Our overall health is determined, in part, by access to social and economic opportunities, such as the level of education or economic standing of a community, and the resources and supports available in our homes, neighborhoods, and local governments. Improving these social determinants of health is key to \u201cBuilding a Culture of Health\u201d in Rhode Island. Several recorded presentations on this topic are available. Click on this tile and scroll down, and select the \u201crecorded presentations\u201d tab to learn. <\/p><\/div><\/div><div class=\"cl-card-container button\">Explore<\/div><\/a><\/div><\/div>\n<div><div class=\"cl-wrapper cl-card-wrapper\"><a class=\"cl-card   left\" href=\"https:\/\/web.uri.edu\/ahc\/health-institute\/hstc\/\" title=\"\"><div class=\"cl-card-container media\"><img decoding=\"async\" src=\"https:\/\/web.uri.edu\/pharmce\/wp-content\/uploads\/sites\/1382\/HBU_How-Long-Does-it-Take-to-Earn-a-BSN.jpg\" srcset=\"\" alt=\"HBU_How-Long-Does-it-Take-to-Earn-a-BSN\"><\/div><div class=\"cl-card-container text\"><div class=\"cl-card-text\"><h2>Health System Transformation Concepts<\/h2><p>Aiming to enhance health care professionals\u2019 knowledge of health system science and promote understanding of health system transformation concepts, this series of educational webinars focuses on such topics as alternative payment models, team-based care, virtual health care and more. This program does not provide CE credits. <\/p><\/div><\/div><div class=\"cl-card-container button\">Explore<\/div><\/a><\/div><\/div>\n<\/div>\n<p class=\"cl-panel-spacer\">&nbsp;<\/p>\n<div class=\"cl-tiles thirds\">\n<p><\/section><\/div><\/section>\n<\/div>\n","protected":false},"excerpt":{"rendered":"","protected":false},"author":4800,"featured_media":0,"parent":0,"menu_order":0,"comment_status":"closed","ping_status":"closed","template":"","meta":{"_acf_changed":false,"footnotes":"","_links_to":"","_links_to_target":""},"class_list":["post-6168","page","type-page","status-publish","hentry"],"acf":[],"_links":{"self":[{"href":"https:\/\/web.uri.edu\/pharmce\/wp-json\/wp\/v2\/pages\/6168","targetHints":{"allow":["GET"]}}],"collection":[{"href":"https:\/\/web.uri.edu\/pharmce\/wp-json\/wp\/v2\/pages"}],"about":[{"href":"https:\/\/web.uri.edu\/pharmce\/wp-json\/wp\/v2\/types\/page"}],"author":[{"embeddable":true,"href":"https:\/\/web.uri.edu\/pharmce\/wp-json\/wp\/v2\/users\/4800"}],"replies":[{"embeddable":true,"href":"https:\/\/web.uri.edu\/pharmce\/wp-json\/wp\/v2\/comments?post=6168"}],"version-history":[{"count":8,"href":"https:\/\/web.uri.edu\/pharmce\/wp-json\/wp\/v2\/pages\/6168\/revisions"}],"predecessor-version":[{"id":7526,"href":"https:\/\/web.uri.edu\/pharmce\/wp-json\/wp\/v2\/pages\/6168\/revisions\/7526"}],"wp:attachment":[{"href":"https:\/\/web.uri.edu\/pharmce\/wp-json\/wp\/v2\/media?parent=6168"}],"curies":[{"name":"wp","href":"https:\/\/api.w.org\/{rel}","templated":true}]}}