{"id":2393,"date":"2015-02-25T12:44:56","date_gmt":"2015-02-25T17:44:56","guid":{"rendered":"https:\/\/web.uri.edu\/risbdc\/?page_id=2393"},"modified":"2025-09-12T14:54:29","modified_gmt":"2025-09-12T18:54:29","slug":"contact-us","status":"publish","type":"page","link":"https:\/\/web.uri.edu\/risbdc\/contact-us\/","title":{"rendered":"Contact Us"},"content":{"rendered":"\n<p class=\"fullwidth\">At RISBDC, we\u2019re here to support you with expert advice, resources, and personalized counseling to help your business succeed. Whether you&#8217;re a startup or looking to grow, our experienced counselors are just a click or call away.<\/p>\n\n\n\n<p class=\"fullwidth\"><strong>If you know that you need advising, click our <a href=\"https:\/\/www.risbdc.org\/reg.aspx?mode=counsel&amp;center=14070&amp;subloc=0\">Online Request for Counseling<\/a>&nbsp;and complete\/submit the brief form, or call our lead center (401) 874-7232.<\/strong><\/p>\n\n\n\n<p><\/p>\n\n\n\n<h2 class=\"wp-block-heading\">Need Spanish Support?<\/h2>\n\n\n\n<p>We offer bilingual services! If you\u2019re a Spanish-speaking entrepreneur, please let us know when scheduling to meet with our Spanish-speaking counselor.<\/p>\n\n\n\n<h2 class=\"wp-block-heading\"><strong>\u00bfNecesita asesor\u00eda en espa\u00f1ol?<\/strong><\/h2>\n\n\n\n<p>\u00a1En el RISBDC ofrecemos servicios biling\u00fces! Si es un(a) emprendedor(a) o empresario(a) de habla hispana, por favor ind\u00edquelo al programar su cita para que podamos conectarlo(a) con un asesor(a) que hable espa\u00f1ol.<\/p>\n\n\n\n<div class=\"wp-block-columns is-layout-flex wp-container-core-columns-is-layout-9d6595d7 wp-block-columns-is-layout-flex\">\n<div class=\"wp-block-column is-layout-flow wp-block-column-is-layout-flow\">\n<h2 class=\"wp-block-heading\">Lead Office:<\/h2>\n\n\n\n<h3 class=\"wp-block-heading\">Kingston<\/h3>\n\n\n\n<p>University of Rhode Island<br>10 Tootell Rd.<br>Kingston, RI 02881<br>Phone: 401-874-SBDC (7232)<br>weekdays 8:30am &#8211; 4:00pm<\/p>\n<\/div>\n<\/div>\n\n\n\n<h2 class=\"wp-block-heading has-text-align-center\">Service Centers:<\/h2>\n\n\n\n<div class=\"wp-block-columns is-layout-flex wp-container-core-columns-is-layout-9d6595d7 wp-block-columns-is-layout-flex\">\n<div class=\"wp-block-column is-layout-flow wp-block-column-is-layout-flow\">\n<h3 class=\"wp-block-heading\">Providence Metro Office<\/h3>\n\n\n\n<p>315 Iron Horse Way<br>Providence, RI 02908<\/p>\n<\/div>\n\n\n\n<div class=\"wp-block-column is-layout-flow wp-block-column-is-layout-flow\">\n<h3 class=\"wp-block-heading\">Greater Newport Office<\/h3>\n\n\n\n<p>513 Broadway<br>Newport, RI 02840<\/p>\n<\/div>\n\n\n\n<div class=\"wp-block-column is-layout-flow wp-block-column-is-layout-flow\">\n<h3 class=\"wp-block-heading\">Northern Rhode Island Office<\/h3>\n\n\n\n<p>BELC Building<br>Bryant University<br>100 Salem St.<br>Smithfield, RI&nbsp; 02917<\/p>\n<\/div>\n<\/div>\n\n\n\n<div class=\"wp-block-columns is-layout-flex wp-container-core-columns-is-layout-9d6595d7 wp-block-columns-is-layout-flex\"><\/div>\n\n\n\n<div class=\"wp-block-columns is-layout-flex wp-container-core-columns-is-layout-9d6595d7 wp-block-columns-is-layout-flex\">\n<div class=\"wp-block-column is-layout-flow wp-block-column-is-layout-flow\"><\/div>\n\n\n\n<div class=\"wp-block-column is-layout-flow wp-block-column-is-layout-flow\"><\/div>\n<\/div>\n","protected":false},"excerpt":{"rendered":"<p>At RISBDC, we\u2019re here to support you with expert advice, resources, and personalized counseling to help your business succeed. Whether you&#8217;re a startup or looking to grow, our experienced counselors are just a click or call away. If you know that you need advising, click our Online Request for Counseling&nbsp;and complete\/submit the brief form, or [&hellip;]<\/p>\n","protected":false},"author":4688,"featured_media":0,"parent":0,"menu_order":0,"comment_status":"closed","ping_status":"closed","template":"","meta":{"_acf_changed":false,"footnotes":"","_links_to":"","_links_to_target":""},"class_list":["post-2393","page","type-page","status-publish","hentry"],"acf":[],"_links":{"self":[{"href":"https:\/\/web.uri.edu\/risbdc\/wp-json\/wp\/v2\/pages\/2393","targetHints":{"allow":["GET"]}}],"collection":[{"href":"https:\/\/web.uri.edu\/risbdc\/wp-json\/wp\/v2\/pages"}],"about":[{"href":"https:\/\/web.uri.edu\/risbdc\/wp-json\/wp\/v2\/types\/page"}],"author":[{"embeddable":true,"href":"https:\/\/web.uri.edu\/risbdc\/wp-json\/wp\/v2\/users\/4688"}],"replies":[{"embeddable":true,"href":"https:\/\/web.uri.edu\/risbdc\/wp-json\/wp\/v2\/comments?post=2393"}],"version-history":[{"count":4,"href":"https:\/\/web.uri.edu\/risbdc\/wp-json\/wp\/v2\/pages\/2393\/revisions"}],"predecessor-version":[{"id":11247,"href":"https:\/\/web.uri.edu\/risbdc\/wp-json\/wp\/v2\/pages\/2393\/revisions\/11247"}],"wp:attachment":[{"href":"https:\/\/web.uri.edu\/risbdc\/wp-json\/wp\/v2\/media?parent=2393"}],"curies":[{"name":"wp","href":"https:\/\/api.w.org\/{rel}","templated":true}]}}